{"id":1766,"date":"2025-03-13T14:31:29","date_gmt":"2025-03-13T13:31:29","guid":{"rendered":"https:\/\/s-team-experience.com\/?page_id=1766"},"modified":"2025-03-13T18:47:25","modified_gmt":"2025-03-13T17:47:25","slug":"expertise","status":"publish","type":"page","link":"https:\/\/s-team-experience.com\/index.php\/expertise\/","title":{"rendered":"Expertise"},"content":{"rendered":"\t\t<div data-elementor-type=\"wp-page\" data-elementor-id=\"1766\" class=\"elementor elementor-1766\">\n\t\t\t\t<div class=\"elementor-element elementor-element-280df38 e-flex e-con-boxed e-con e-parent\" data-id=\"280df38\" data-element_type=\"container\">\n\t\t\t\t\t<div class=\"e-con-inner\">\n\t\t\t\t<div class=\"elementor-element elementor-element-8c4eb44 elementor-widget elementor-widget-avas-page-title\" data-id=\"8c4eb44\" data-element_type=\"widget\" data-widget_type=\"avas-page-title.default\">\n\t\t\t\t<div class=\"elementor-widget-container\">\n\t\t\t\t\t\n\t\t<h1 class=\"tx-page-title\">\n\t\tExpertise\t\t<\/h1>\n\t\t\n\t\t\n\t\t\t\t<\/div>\n\t\t\t\t<\/div>\n\t\t\t\t<div class=\"elementor-element elementor-element-b1e55d2 elementor-widget elementor-widget-avas-features\" data-id=\"b1e55d2\" data-element_type=\"widget\" data-widget_type=\"avas-features.default\">\n\t\t\t\t<div class=\"elementor-widget-container\">\n\t\t\t\t\t\n        \n                <div class=\"tx-ft-container \">\n            \n                <div class=\"tx-ft-wrapper\">\n                    <div class=\"tx-ft-image-content\">\n                                                      <img decoding=\"async\" src=\"https:\/\/s-team-experience.com\/wp-content\/plugins\/elementor\/assets\/images\/placeholder.png\" title=\"\" alt=\"\" loading=\"lazy\" \/>                                            <\/div><!-- tx-ft-image-content -->\n                    <div class=\"tx-ft-text-content\">\n                        <div class=\"tx-ft-subtitle\">Expertise th\u00e9matique<\/div>\n                                                <h3 class=\"tx-ft-title\">Soutenabilit\u00e9<\/h3>\n                                                <div class=\"tx-ft-desc\"><p>Lorem ipsum dolor sit amet consectetur adipiscing elit sed do eiusmod tempor incididunt ut labore et dolore magna aliquat enim ad minim veniam quis.<\/p><\/div>\n                    <\/div><!-- tx-ft-text-content -->\n                <\/div><!-- tx-ft-wrapper -->\n\n            \n                <div class=\"tx-ft-wrapper\">\n                    <div class=\"tx-ft-image-content\">\n                                                      <img decoding=\"async\" src=\"https:\/\/s-team-experience.com\/wp-content\/plugins\/elementor\/assets\/images\/placeholder.png\" title=\"\" alt=\"\" loading=\"lazy\" \/>                                            <\/div><!-- tx-ft-image-content -->\n                    <div class=\"tx-ft-text-content\">\n                        <div class=\"tx-ft-subtitle\">Expertise m\u00e9thodologique<\/div>\n                                                <h3 class=\"tx-ft-title\">Apprentissage exp\u00e9rientiel<\/h3>\n                                                <div class=\"tx-ft-desc\"><p>Nostrud exercitation ullamco laboris nisi ut aliquip avas-core ea commodo consequat. Duis aute irure dolor in reprehenderit in voluptate velit esse.<\/p><\/div>\n                    <\/div><!-- tx-ft-text-content -->\n                <\/div><!-- tx-ft-wrapper -->\n\n            \n                <div class=\"tx-ft-wrapper\">\n                    <div class=\"tx-ft-image-content\">\n                                                      <img decoding=\"async\" src=\"https:\/\/s-team-experience.com\/wp-content\/plugins\/elementor\/assets\/images\/placeholder.png\" title=\"\" alt=\"\" loading=\"lazy\" \/>                                            <\/div><!-- tx-ft-image-content -->\n                    <div class=\"tx-ft-text-content\">\n                        <div class=\"tx-ft-subtitle\">Expertise Sectorielle<\/div>\n                                                <h3 class=\"tx-ft-title\">Les secteurs que nous connaissons particuli\u00e8rement <\/h3>\n                                                <div class=\"tx-ft-desc\"><p>Cillum dolore eu fugiat nulla pariatur. Excepteur sint occaecat cupidatat non proident, sunt in culpa qui officia deserunt mollit anim.<\/p><\/div>\n                    <\/div><!-- tx-ft-text-content -->\n                <\/div><!-- tx-ft-wrapper -->\n\n            \n                <div class=\"tx-ft-wrapper\">\n                    <div class=\"tx-ft-image-content\">\n                                                      <img decoding=\"async\" src=\"https:\/\/s-team-experience.com\/wp-content\/plugins\/elementor\/assets\/images\/placeholder.png\" title=\"\" alt=\"\" loading=\"lazy\" \/>                                            <\/div><!-- tx-ft-image-content -->\n                    <div class=\"tx-ft-text-content\">\n                        <div class=\"tx-ft-subtitle\">Expertise Cr\u00e9ative<\/div>\n                                                <h3 class=\"tx-ft-title\">Cr\u00e9ation de jeux p\u00e9dagogiques<\/h3>\n                                                <div class=\"tx-ft-desc\"><p>Suspendisse potenti Phasellus euismod libero in neque molestie et elementum libero maximus. Etiam in enim vestibulum suscipit sem quis molestie nibh.<\/p><\/div>\n                    <\/div><!-- tx-ft-text-content -->\n                <\/div><!-- tx-ft-wrapper -->\n\n            \n                <div class=\"tx-ft-wrapper\">\n                    <div class=\"tx-ft-image-content\">\n                                                      <img decoding=\"async\" src=\"https:\/\/s-team-experience.com\/wp-content\/plugins\/elementor\/assets\/images\/placeholder.png\" title=\"\" alt=\"\" loading=\"lazy\" \/>                                            <\/div><!-- tx-ft-image-content -->\n                    <div class=\"tx-ft-text-content\">\n                        <div class=\"tx-ft-subtitle\">Expertise m\u00e9thodologique<\/div>\n                                                <h3 class=\"tx-ft-title\">mod\u00e8le d&#039;action ancr\u00e9 dans la recherche<\/h3>\n                                                <div class=\"tx-ft-desc\">Lorem ipsum dolor sit amet consectetur adipiscing elit sed do eiusmod tempor incididunt ut labore et dolore magna aliquat enim ad minim veniam quis.<\/div>\n                    <\/div><!-- tx-ft-text-content -->\n                <\/div><!-- tx-ft-wrapper -->\n\n                    <\/div><!-- tx-ft-container -->\n        \n\n\t\t\t\t<\/div>\n\t\t\t\t<\/div>\n\t\t\t\t\t<\/div>\n\t\t\t\t<\/div>\n\t\t<div class=\"elementor-element elementor-element-2473cda e-flex e-con-boxed e-con e-parent\" data-id=\"2473cda\" data-element_type=\"container\">\n\t\t\t\t\t<div class=\"e-con-inner\">\n\t\t\t\t<div class=\"elementor-element elementor-element-a15bdd9 elementor-widget elementor-widget-avas-grid\" data-id=\"a15bdd9\" data-element_type=\"widget\" data-widget_type=\"avas-grid.default\">\n\t\t\t\t<div class=\"elementor-widget-container\">\n\t\t\t\t\t    <div class=\"tx-grid-wrapper\">\r\n            <div class=\"tx-grid-item\">\r\n            <div class=\"tx-grid-container\">\r\n                                    <div class=\"tx-car-grid-image\">\r\n                                                    <a data-elementor-open-lightbox=\"yes\" data-elementor-lightbox-slideshow=\"a15bdd9\" href=\"https:\/\/s-team-experience.com\/wp-content\/plugins\/elementor\/assets\/images\/placeholder.png\" aria-label=\"Open image: Th\u00e9matique: Soutenabilit\u00e9\" role=\"button\">\r\n                                <span class=\"tx-sr-only\">Open image: Th\u00e9matique: Soutenabilit\u00e9<\/span>\r\n                                <img decoding=\"async\" src=\"https:\/\/s-team-experience.com\/wp-content\/plugins\/elementor\/assets\/images\/placeholder.png\" title=\"\" alt=\"\" loading=\"lazy\" \/>                            <\/a>\r\n                                            <\/div><!-- tx-car-grid-image -->\r\n                                                                <div class=\"tx-car-grid-content\">\r\n                                    <h4 class=\"tx-car-grid-title\">Th\u00e9matique: Soutenabilit\u00e9<\/h4>    \r\n                \r\n                    <div class=\"tx-car-grid-description\">\r\n                        <p>Lorem ipsum dolor sit amet consectetur adipiscing elit sed do eiusmod tempor incididunt.<\/p>                    <\/div>\r\n                    \r\n                     \r\n                <\/div><!-- tx-car-grid-content -->\r\n                            <\/div><!-- tx-grid-container -->\r\n        <\/div><!-- tx-grid-item -->\r\n            <div class=\"tx-grid-item\">\r\n            <div class=\"tx-grid-container\">\r\n                                    <div class=\"tx-car-grid-image\">\r\n                                                    <a data-elementor-open-lightbox=\"yes\" data-elementor-lightbox-slideshow=\"a15bdd9\" href=\"https:\/\/s-team-experience.com\/wp-content\/plugins\/elementor\/assets\/images\/placeholder.png\" aria-label=\"Open image: Clients: trois types d&#039;acteurs\" role=\"button\">\r\n                                <span class=\"tx-sr-only\">Open image: Clients: trois types d&#039;acteurs<\/span>\r\n                                <img decoding=\"async\" src=\"https:\/\/s-team-experience.com\/wp-content\/plugins\/elementor\/assets\/images\/placeholder.png\" title=\"\" alt=\"\" loading=\"lazy\" \/>                            <\/a>\r\n                                            <\/div><!-- tx-car-grid-image -->\r\n                                                                <div class=\"tx-car-grid-content\">\r\n                                    <h4 class=\"tx-car-grid-title\">Clients: trois types d'acteurs <\/h4>    \r\n                \r\n                    <div class=\"tx-car-grid-description\">\r\n                        <p>Lorem ipsum dolor sit amet consectetur adipiscing elit sed do eiusmod tempor incididunt.<\/p>                    <\/div>\r\n                    \r\n                     \r\n                <\/div><!-- tx-car-grid-content -->\r\n                            <\/div><!-- tx-grid-container -->\r\n        <\/div><!-- tx-grid-item -->\r\n            <div class=\"tx-grid-item\">\r\n            <div class=\"tx-grid-container\">\r\n                                    <div class=\"tx-car-grid-image\">\r\n                                                    <a data-elementor-open-lightbox=\"yes\" data-elementor-lightbox-slideshow=\"a15bdd9\" href=\"https:\/\/s-team-experience.com\/wp-content\/plugins\/elementor\/assets\/images\/placeholder.png\" aria-label=\"Open image: Th\u00e9orique: mod\u00e8le d&#039;action ancr\u00e9 dans la recherche\" role=\"button\">\r\n                                <span class=\"tx-sr-only\">Open image: Th\u00e9orique: mod\u00e8le d&#039;action ancr\u00e9 dans la recherche<\/span>\r\n                                <img decoding=\"async\" src=\"https:\/\/s-team-experience.com\/wp-content\/plugins\/elementor\/assets\/images\/placeholder.png\" title=\"\" alt=\"\" loading=\"lazy\" \/>                            <\/a>\r\n                                            <\/div><!-- tx-car-grid-image -->\r\n                                                                <div class=\"tx-car-grid-content\">\r\n                                    <h4 class=\"tx-car-grid-title\">Th\u00e9orique: mod\u00e8le d'action ancr\u00e9 dans la recherche<\/h4>    \r\n                \r\n                    <div class=\"tx-car-grid-description\">\r\n                        <p>Lorem ipsum dolor sit amet consectetur adipiscing elit sed do eiusmod tempor incididunt.<\/p>                    <\/div>\r\n                    \r\n                     \r\n                <\/div><!-- tx-car-grid-content -->\r\n                            <\/div><!-- tx-grid-container -->\r\n        <\/div><!-- tx-grid-item -->\r\n            <div class=\"tx-grid-item\">\r\n            <div class=\"tx-grid-container\">\r\n                                    <div class=\"tx-car-grid-image\">\r\n                                                    <a data-elementor-open-lightbox=\"yes\" data-elementor-lightbox-slideshow=\"a15bdd9\" href=\"https:\/\/s-team-experience.com\/wp-content\/plugins\/elementor\/assets\/images\/placeholder.png\" aria-label=\"Open image: M\u00e9thodologique: l&#039;exp\u00e9rience collective comme levier d&#039;action\" role=\"button\">\r\n                                <span class=\"tx-sr-only\">Open image: M\u00e9thodologique: l&#039;exp\u00e9rience collective comme levier d&#039;action<\/span>\r\n                                <img decoding=\"async\" src=\"https:\/\/s-team-experience.com\/wp-content\/plugins\/elementor\/assets\/images\/placeholder.png\" title=\"\" alt=\"\" loading=\"lazy\" \/>                            <\/a>\r\n                                            <\/div><!-- tx-car-grid-image -->\r\n                                                                <div class=\"tx-car-grid-content\">\r\n                                    <h4 class=\"tx-car-grid-title\">M\u00e9thodologique: l'exp\u00e9rience collective comme levier d'action<\/h4>    \r\n                \r\n                    <div class=\"tx-car-grid-description\">\r\n                        <p>Lorem ipsum dolor sit amet consectetur adipiscing elit sed do eiusmod tempor incididunt.<\/p>                    <\/div>\r\n                    \r\n                     \r\n                <\/div><!-- tx-car-grid-content -->\r\n                            <\/div><!-- tx-grid-container -->\r\n        <\/div><!-- tx-grid-item -->\r\n            <div class=\"tx-grid-item\">\r\n            <div class=\"tx-grid-container\">\r\n                                    <div class=\"tx-car-grid-image\">\r\n                                                    <a data-elementor-open-lightbox=\"yes\" data-elementor-lightbox-slideshow=\"a15bdd9\" href=\"https:\/\/s-team-experience.com\/wp-content\/plugins\/elementor\/assets\/images\/placeholder.png\" aria-label=\"Open image: Cr\u00e9ative: conception de jeux\" role=\"button\">\r\n                                <span class=\"tx-sr-only\">Open image: Cr\u00e9ative: conception de jeux<\/span>\r\n                                <img decoding=\"async\" src=\"https:\/\/s-team-experience.com\/wp-content\/plugins\/elementor\/assets\/images\/placeholder.png\" title=\"\" alt=\"\" loading=\"lazy\" \/>                            <\/a>\r\n                                            <\/div><!-- tx-car-grid-image -->\r\n                                                                <div class=\"tx-car-grid-content\">\r\n                                    <h4 class=\"tx-car-grid-title\">Cr\u00e9ative: conception de jeux<\/h4>    \r\n                \r\n                    <div class=\"tx-car-grid-description\">\r\n                        <p>Lorem ipsum dolor sit amet consectetur adipiscing elit sed do eiusmod tempor incididunt.<\/p>                    <\/div>\r\n                    \r\n                     \r\n                <\/div><!-- tx-car-grid-content -->\r\n                            <\/div><!-- tx-grid-container -->\r\n        <\/div><!-- tx-grid-item -->\r\n            <div class=\"tx-grid-item\">\r\n            <div class=\"tx-grid-container\">\r\n                                    <div class=\"tx-car-grid-image\">\r\n                                                    <a data-elementor-open-lightbox=\"yes\" data-elementor-lightbox-slideshow=\"a15bdd9\" href=\"https:\/\/s-team-experience.com\/wp-content\/plugins\/elementor\/assets\/images\/placeholder.png\" aria-label=\"Open image: Sectorielle: le fruit de nos propres exp\u00e9riences\" role=\"button\">\r\n                                <span class=\"tx-sr-only\">Open image: Sectorielle: le fruit de nos propres exp\u00e9riences<\/span>\r\n                                <img decoding=\"async\" src=\"https:\/\/s-team-experience.com\/wp-content\/plugins\/elementor\/assets\/images\/placeholder.png\" title=\"\" alt=\"\" loading=\"lazy\" \/>                            <\/a>\r\n                                            <\/div><!-- tx-car-grid-image -->\r\n                                                                <div class=\"tx-car-grid-content\">\r\n                                    <h4 class=\"tx-car-grid-title\">Sectorielle: le fruit de nos propres exp\u00e9riences<\/h4>    \r\n                \r\n                    <div class=\"tx-car-grid-description\">\r\n                        <p>Lorem ipsum dolor sit amet consectetur adipiscing elit sed do eiusmod tempor incididunt.<\/p>                    <\/div>\r\n                    \r\n                     \r\n                <\/div><!-- tx-car-grid-content -->\r\n                            <\/div><!-- tx-grid-container -->\r\n        <\/div><!-- tx-grid-item -->\r\n        <\/div>\r\n    \t\t\t\t<\/div>\n\t\t\t\t<\/div>\n\t\t\t\t\t<\/div>\n\t\t\t\t<\/div>\n\t\t\t\t<\/div>\n\t\t","protected":false},"excerpt":{"rendered":"<p class=\"tx-excerpt\">Expertise Expertise th\u00e9matique Soutenabilit\u00e9 Lorem ipsum dolor sit amet consectetur adipiscing elit sed do eiusmod tempor incididunt ut labore et dolore magna aliquat enim ad minim veniam quis. Expertise m\u00e9thodologique Apprentissage exp\u00e9rientiel Nostrud","protected":false},"author":1,"featured_media":0,"parent":0,"menu_order":0,"comment_status":"closed","ping_status":"closed","template":"","meta":{"footnotes":""},"class_list":["post-1766","page","type-page","status-publish","hentry"],"_links":{"self":[{"href":"https:\/\/s-team-experience.com\/index.php\/wp-json\/wp\/v2\/pages\/1766","targetHints":{"allow":["GET"]}}],"collection":[{"href":"https:\/\/s-team-experience.com\/index.php\/wp-json\/wp\/v2\/pages"}],"about":[{"href":"https:\/\/s-team-experience.com\/index.php\/wp-json\/wp\/v2\/types\/page"}],"author":[{"embeddable":true,"href":"https:\/\/s-team-experience.com\/index.php\/wp-json\/wp\/v2\/users\/1"}],"replies":[{"embeddable":true,"href":"https:\/\/s-team-experience.com\/index.php\/wp-json\/wp\/v2\/comments?post=1766"}],"version-history":[{"count":6,"href":"https:\/\/s-team-experience.com\/index.php\/wp-json\/wp\/v2\/pages\/1766\/revisions"}],"predecessor-version":[{"id":1844,"href":"https:\/\/s-team-experience.com\/index.php\/wp-json\/wp\/v2\/pages\/1766\/revisions\/1844"}],"wp:attachment":[{"href":"https:\/\/s-team-experience.com\/index.php\/wp-json\/wp\/v2\/media?parent=1766"}],"curies":[{"name":"wp","href":"https:\/\/api.w.org\/{rel}","templated":true}]}}