{"id":184,"date":"2023-09-17T14:32:08","date_gmt":"2023-09-17T12:32:08","guid":{"rendered":"https:\/\/s-team-experience.com\/?page_id=184"},"modified":"2024-06-08T17:54:16","modified_gmt":"2024-06-08T15:54:16","slug":"recrutement-innovant-select","status":"publish","type":"page","link":"https:\/\/s-team-experience.com\/index.php\/les-formules\/recrutement-innovant-select\/","title":{"rendered":"Recrutement innovant"},"content":{"rendered":"\t\t<div data-elementor-type=\"wp-page\" data-elementor-id=\"184\" class=\"elementor elementor-184\">\n\t\t\t\t<div class=\"elementor-element elementor-element-3b999e7 e-flex e-con-boxed e-con e-parent\" data-id=\"3b999e7\" data-element_type=\"container\">\n\t\t\t\t\t<div class=\"e-con-inner\">\n\t\t<div class=\"elementor-element elementor-element-ceb8aa8 e-con-full e-flex e-con e-child\" data-id=\"ceb8aa8\" data-element_type=\"container\">\n\t\t\t\t<div class=\"elementor-element elementor-element-b9385c0 tx-hd-align-left elementor-widget elementor-widget-avas-heading\" data-id=\"b9385c0\" data-element_type=\"widget\" data-widget_type=\"avas-heading.default\">\n\t\t\t\t<div class=\"elementor-widget-container\">\n\t\t\t\t\t        <div class=\"tx-hd-wrap\">\n\n            <div class=\"tx-hd-wm\"><\/div>\n\n            \n            <div class=\"tx-hd-sub\"><\/div>\n                        <h1 class=\"tx-hd-title\">\n                <span class=\"tx-hd-first-part\">Un format de recrutement innovant<\/span>\n                <span class=\"tx-hd-last-part\"><\/span>\n            <\/h1>    \n            \n            <div class=\"tx-hd-desc\"><\/div>\n\n\n                   \n        <\/div><!-- tx-hd-wrap -->\n\n\n\n\n\n\n\n\n\t\t\t\t<\/div>\n\t\t\t\t<\/div>\n\t\t\t\t<div class=\"elementor-element elementor-element-28e2e10 elementor-widget elementor-widget-text-editor\" data-id=\"28e2e10\" data-element_type=\"widget\" data-widget_type=\"text-editor.default\">\n\t\t\t\t<div class=\"elementor-widget-container\">\n\t\t\t\t\t\t\t\t\t<p>S-Team Experience pr\u00e9sente un jeu-\u00e9v\u00e8nement original et ludique qui peut \u00eatre mobilis\u00e9 dans les premi\u00e8res \u00e9tapes d&rsquo;un processus de recrutement. <br \/><br \/>Cette formule vous permettra \u00e0 la fois de diversifier vos modes de sourcing, de valoriser votre marque employeur, et de d\u00e9tecter certains des soft skills difficiles \u00e0 identifier via des modes de recrutement plus classiques.<\/p>\t\t\t\t\t\t\t\t<\/div>\n\t\t\t\t<\/div>\n\t\t\t\t<div class=\"elementor-element elementor-element-2c51781 elementor-absolute elementor-hidden-mobile elementor-widget elementor-widget-image\" data-id=\"2c51781\" data-element_type=\"widget\" data-settings=\"{&quot;_position&quot;:&quot;absolute&quot;}\" data-widget_type=\"image.default\">\n\t\t\t\t<div class=\"elementor-widget-container\">\n\t\t\t\t\t\t\t\t\t\t\t\t\t\t\t<img decoding=\"async\" width=\"150\" height=\"100\" src=\"https:\/\/s-team-experience.com\/wp-content\/uploads\/2024\/02\/4-Valise_jaune-150x100.png\" class=\"attachment-tx-pe-thumb size-tx-pe-thumb wp-image-1385\" alt=\"\" srcset=\"https:\/\/s-team-experience.com\/wp-content\/uploads\/2024\/02\/4-Valise_jaune-150x100.png 150w, https:\/\/s-team-experience.com\/wp-content\/uploads\/2024\/02\/4-Valise_jaune-900x600.png 900w\" sizes=\"(max-width: 150px) 100vw, 150px\" \/>\t\t\t\t\t\t\t\t\t\t\t\t\t\t\t<\/div>\n\t\t\t\t<\/div>\n\t\t\t\t<\/div>\n\t\t\t\t<div class=\"elementor-element elementor-element-b302e95 elementor-widget elementor-widget-spacer\" data-id=\"b302e95\" data-element_type=\"widget\" data-widget_type=\"spacer.default\">\n\t\t\t\t<div class=\"elementor-widget-container\">\n\t\t\t\t\t\t\t<div class=\"elementor-spacer\">\n\t\t\t<div class=\"elementor-spacer-inner\"><\/div>\n\t\t<\/div>\n\t\t\t\t\t\t<\/div>\n\t\t\t\t<\/div>\n\t\t<div class=\"elementor-element elementor-element-063774e e-flex e-con-boxed elementor-invisible e-con e-child\" data-id=\"063774e\" data-element_type=\"container\" data-settings=\"{&quot;background_background&quot;:&quot;classic&quot;,&quot;animation&quot;:&quot;fadeInRight&quot;}\">\n\t\t\t\t\t<div class=\"e-con-inner\">\n\t\t\t\t<div class=\"elementor-element elementor-element-ff7f5dc elementor-widget elementor-widget-image\" data-id=\"ff7f5dc\" data-element_type=\"widget\" data-widget_type=\"image.default\">\n\t\t\t\t<div class=\"elementor-widget-container\">\n\t\t\t\t\t\t\t\t\t\t\t\t\t\t\t<img fetchpriority=\"high\" decoding=\"async\" width=\"470\" height=\"313\" src=\"https:\/\/s-team-experience.com\/wp-content\/uploads\/2023\/10\/DSC_5627-scaled.jpg\" class=\"attachment-tx-ts-thumb size-tx-ts-thumb wp-image-328\" alt=\"\" srcset=\"https:\/\/s-team-experience.com\/wp-content\/uploads\/2023\/10\/DSC_5627-scaled.jpg 2560w, https:\/\/s-team-experience.com\/wp-content\/uploads\/2023\/10\/DSC_5627-scaled-600x400.jpg 600w, https:\/\/s-team-experience.com\/wp-content\/uploads\/2023\/10\/DSC_5627-300x200.jpg 300w, https:\/\/s-team-experience.com\/wp-content\/uploads\/2023\/10\/DSC_5627-1024x683.jpg 1024w, https:\/\/s-team-experience.com\/wp-content\/uploads\/2023\/10\/DSC_5627-768x512.jpg 768w, https:\/\/s-team-experience.com\/wp-content\/uploads\/2023\/10\/DSC_5627-1536x1024.jpg 1536w, https:\/\/s-team-experience.com\/wp-content\/uploads\/2023\/10\/DSC_5627-2048x1365.jpg 2048w, https:\/\/s-team-experience.com\/wp-content\/uploads\/2023\/10\/DSC_5627-360x240.jpg 360w\" sizes=\"(max-width: 470px) 100vw, 470px\" \/>\t\t\t\t\t\t\t\t\t\t\t\t\t\t\t<\/div>\n\t\t\t\t<\/div>\n\t\t\t\t<div class=\"elementor-element elementor-element-831b1c2 elementor-widget__width-initial elementor-widget elementor-widget-heading\" data-id=\"831b1c2\" data-element_type=\"widget\" data-widget_type=\"heading.default\">\n\t\t\t\t<div class=\"elementor-widget-container\">\n\t\t\t\t\t<h2 class=\"elementor-heading-title elementor-size-default\">Recrutement innovant<\/h2>\t\t\t\t<\/div>\n\t\t\t\t<\/div>\n\t\t\t\t<div class=\"elementor-element elementor-element-a9b46bc elementor-widget elementor-widget-avas-icon-box\" data-id=\"a9b46bc\" data-element_type=\"widget\" data-widget_type=\"avas-icon-box.default\">\n\t\t\t\t<div class=\"elementor-widget-container\">\n\t\t\t\t\t\t\n\t\t<div class=\"tx-icon-box-wrap style-2 left\">\n\n\t\t\t<div class=\"tx-icon-box-icon\">\n\t\t\t\t<svg aria-hidden=\"true\" class=\"e-font-icon-svg e-fas-angle-right\" viewBox=\"0 0 256 512\" xmlns=\"http:\/\/www.w3.org\/2000\/svg\"><path d=\"M224.3 273l-136 136c-9.4 9.4-24.6 9.4-33.9 0l-22.6-22.6c-9.4-9.4-9.4-24.6 0-33.9l96.4-96.4-96.4-96.4c-9.4-9.4-9.4-24.6 0-33.9L54.3 103c9.4-9.4 24.6-9.4 33.9 0l136 136c9.5 9.4 9.5 24.6.1 34z\"><\/path><\/svg>\n\t\t\t\t\n\t\t\t<\/div><!-- tx-icon-box-icon -->\n\n\t\t\t<div class=\"tx-icon-box-content-wrap\">\n\n\t\t\t\t\t\t\t\t\t\t\t\t<p class=\"tx-icon-box-title\">\n\t\t\t\t\u00c9valuation, s\u00e9lection\t\t\t\t<\/p>\n\t\t\t\t\t\t\t\t\n\t\t\t\t<div class=\"tx-icon-box-desc\"><\/div>\n\t\t\t\t\t\t\t<\/div><!-- tx-icon-box-content-wrap -->\n\n\t\t<\/div><!-- tx-icon-box-wrap -->\n\n\t\t\t\t<\/div>\n\t\t\t\t<\/div>\n\t\t\t\t<div class=\"elementor-element elementor-element-1699165 elementor-widget elementor-widget-avas-icon-box\" data-id=\"1699165\" data-element_type=\"widget\" data-widget_type=\"avas-icon-box.default\">\n\t\t\t\t<div class=\"elementor-widget-container\">\n\t\t\t\t\t\t\n\t\t<div class=\"tx-icon-box-wrap style-2 left\">\n\n\t\t\t<div class=\"tx-icon-box-icon\">\n\t\t\t\t<svg aria-hidden=\"true\" class=\"e-font-icon-svg e-fas-angle-right\" viewBox=\"0 0 256 512\" xmlns=\"http:\/\/www.w3.org\/2000\/svg\"><path d=\"M224.3 273l-136 136c-9.4 9.4-24.6 9.4-33.9 0l-22.6-22.6c-9.4-9.4-9.4-24.6 0-33.9l96.4-96.4-96.4-96.4c-9.4-9.4-9.4-24.6 0-33.9L54.3 103c9.4-9.4 24.6-9.4 33.9 0l136 136c9.5 9.4 9.5 24.6.1 34z\"><\/path><\/svg>\n\t\t\t\t\n\t\t\t<\/div><!-- tx-icon-box-icon -->\n\n\t\t\t<div class=\"tx-icon-box-content-wrap\">\n\n\t\t\t\t\t\t\t\t\t\t\t\t<p class=\"tx-icon-box-title\">\n\t\t\t\t Recrutement\t\t\t\t<\/p>\n\t\t\t\t\t\t\t\t\n\t\t\t\t<div class=\"tx-icon-box-desc\"><\/div>\n\t\t\t\t\t\t\t<\/div><!-- tx-icon-box-content-wrap -->\n\n\t\t<\/div><!-- tx-icon-box-wrap -->\n\n\t\t\t\t<\/div>\n\t\t\t\t<\/div>\n\t\t\t\t\t<\/div>\n\t\t\t\t<\/div>\n\t\t\t\t\t<\/div>\n\t\t\t\t<\/div>\n\t\t<div class=\"elementor-element elementor-element-6986723 e-flex e-con-boxed e-con e-parent\" data-id=\"6986723\" data-element_type=\"container\" data-settings=\"{&quot;background_background&quot;:&quot;classic&quot;}\">\n\t\t\t\t\t<div class=\"e-con-inner\">\n\t\t<div class=\"elementor-element elementor-element-4ae37eb e-con-full e-flex e-con e-child\" data-id=\"4ae37eb\" data-element_type=\"container\">\n\t\t\t\t<div class=\"elementor-element elementor-element-38ca04c tx-hd-align-left elementor-invisible elementor-widget elementor-widget-avas-heading\" data-id=\"38ca04c\" data-element_type=\"widget\" data-settings=\"{&quot;_animation&quot;:&quot;fadeIn&quot;}\" data-widget_type=\"avas-heading.default\">\n\t\t\t\t<div class=\"elementor-widget-container\">\n\t\t\t\t\t        <div class=\"tx-hd-wrap\">\n\n            <div class=\"tx-hd-wm\"><\/div>\n\n            \n            <div class=\"tx-hd-sub\"><\/div>\n                        <h2 class=\"tx-hd-title\">\n                <span class=\"tx-hd-first-part\">Changer de regard sur vos candidats <\/span>\n                <span class=\"tx-hd-last-part\"><\/span>\n            <\/h2>    \n            \n            <div class=\"tx-hd-desc\"><\/div>\n\n\n                   \n        <\/div><!-- tx-hd-wrap -->\n\n\n\n\n\n\n\n\n\t\t\t\t<\/div>\n\t\t\t\t<\/div>\n\t\t\t\t<div class=\"elementor-element elementor-element-a29341d elementor-widget elementor-widget-text-editor\" data-id=\"a29341d\" data-element_type=\"widget\" data-widget_type=\"text-editor.default\">\n\t\t\t\t<div class=\"elementor-widget-container\">\n\t\t\t\t\t\t\t\t\t<p>Nous vous apportons une opportunit\u00e9 d&rsquo;adopter un atelier qui saura mettre en valeur les candidats hors des formats traditionnels que sont les entretiens, un CV, ou m\u00eame un job dating.<\/p>\t\t\t\t\t\t\t\t<\/div>\n\t\t\t\t<\/div>\n\t\t\t\t<\/div>\n\t\t\t\t<div class=\"elementor-element elementor-element-b04f147 elementor-widget elementor-widget-spacer\" data-id=\"b04f147\" data-element_type=\"widget\" data-widget_type=\"spacer.default\">\n\t\t\t\t<div class=\"elementor-widget-container\">\n\t\t\t\t\t\t\t<div class=\"elementor-spacer\">\n\t\t\t<div class=\"elementor-spacer-inner\"><\/div>\n\t\t<\/div>\n\t\t\t\t\t\t<\/div>\n\t\t\t\t<\/div>\n\t\t<div class=\"elementor-element elementor-element-91eb810 e-con-full e-flex e-con e-child\" data-id=\"91eb810\" data-element_type=\"container\">\n\t\t\t\t<div class=\"elementor-element elementor-element-af480aa elementor-invisible elementor-widget elementor-widget-image\" data-id=\"af480aa\" data-element_type=\"widget\" data-settings=\"{&quot;_animation&quot;:&quot;fadeInDown&quot;}\" data-widget_type=\"image.default\">\n\t\t\t\t<div class=\"elementor-widget-container\">\n\t\t\t\t\t\t\t\t\t\t\t\t\t\t\t<img decoding=\"async\" src=\"https:\/\/s-team-experience.com\/wp-content\/uploads\/2024\/02\/changer_de_regard-unsplash.jpg\" class=\"attachment-full size-full wp-image-1448\" alt=\"\" \/>\t\t\t\t\t\t\t\t\t\t\t\t\t\t\t<\/div>\n\t\t\t\t<\/div>\n\t\t\t\t<\/div>\n\t\t\t\t\t<\/div>\n\t\t\t\t<\/div>\n\t\t<div class=\"elementor-element elementor-element-5b0666b e-flex e-con-boxed e-con e-parent\" data-id=\"5b0666b\" data-element_type=\"container\" data-settings=\"{&quot;background_background&quot;:&quot;classic&quot;}\">\n\t\t\t\t\t<div class=\"e-con-inner\">\n\t\t<div class=\"elementor-element elementor-element-776c13e e-con-full e-flex e-con e-child\" data-id=\"776c13e\" data-element_type=\"container\">\n\t\t\t\t<div class=\"elementor-element elementor-element-449faa3 elementor-invisible elementor-widget elementor-widget-image\" data-id=\"449faa3\" data-element_type=\"widget\" data-settings=\"{&quot;_animation&quot;:&quot;fadeInDown&quot;}\" data-widget_type=\"image.default\">\n\t\t\t\t<div class=\"elementor-widget-container\">\n\t\t\t\t\t\t\t\t\t\t\t\t\t\t\t<img decoding=\"async\" width=\"2560\" height=\"1707\" src=\"https:\/\/s-team-experience.com\/wp-content\/uploads\/2023\/10\/DSC_5490-scaled.jpg\" class=\"attachment-full size-full wp-image-325\" alt=\"\" srcset=\"https:\/\/s-team-experience.com\/wp-content\/uploads\/2023\/10\/DSC_5490-scaled.jpg 2560w, https:\/\/s-team-experience.com\/wp-content\/uploads\/2023\/10\/DSC_5490-scaled-600x400.jpg 600w, https:\/\/s-team-experience.com\/wp-content\/uploads\/2023\/10\/DSC_5490-300x200.jpg 300w, https:\/\/s-team-experience.com\/wp-content\/uploads\/2023\/10\/DSC_5490-1024x683.jpg 1024w, https:\/\/s-team-experience.com\/wp-content\/uploads\/2023\/10\/DSC_5490-768x512.jpg 768w, https:\/\/s-team-experience.com\/wp-content\/uploads\/2023\/10\/DSC_5490-1536x1024.jpg 1536w, https:\/\/s-team-experience.com\/wp-content\/uploads\/2023\/10\/DSC_5490-2048x1365.jpg 2048w, https:\/\/s-team-experience.com\/wp-content\/uploads\/2023\/10\/DSC_5490-360x240.jpg 360w\" sizes=\"(max-width: 2560px) 100vw, 2560px\" \/>\t\t\t\t\t\t\t\t\t\t\t\t\t\t\t<\/div>\n\t\t\t\t<\/div>\n\t\t\t\t<\/div>\n\t\t\t\t<div class=\"elementor-element elementor-element-97e22a0 elementor-widget elementor-widget-spacer\" data-id=\"97e22a0\" data-element_type=\"widget\" data-widget_type=\"spacer.default\">\n\t\t\t\t<div class=\"elementor-widget-container\">\n\t\t\t\t\t\t\t<div class=\"elementor-spacer\">\n\t\t\t<div class=\"elementor-spacer-inner\"><\/div>\n\t\t<\/div>\n\t\t\t\t\t\t<\/div>\n\t\t\t\t<\/div>\n\t\t<div class=\"elementor-element elementor-element-d75a352 e-con-full e-flex e-con e-child\" data-id=\"d75a352\" data-element_type=\"container\">\n\t\t\t\t<div class=\"elementor-element elementor-element-9f38a72 tx-hd-align-left elementor-invisible elementor-widget elementor-widget-avas-heading\" data-id=\"9f38a72\" data-element_type=\"widget\" data-settings=\"{&quot;_animation&quot;:&quot;fadeIn&quot;}\" data-widget_type=\"avas-heading.default\">\n\t\t\t\t<div class=\"elementor-widget-container\">\n\t\t\t\t\t        <div class=\"tx-hd-wrap\">\n\n            <div class=\"tx-hd-wm\"><\/div>\n\n            \n            <div class=\"tx-hd-sub\"><\/div>\n                        <h2 class=\"tx-hd-title\">\n                <span class=\"tx-hd-first-part\">Le jeu collaboratif au service du processus d&#039;\u00e9valuation<\/span>\n                <span class=\"tx-hd-last-part\"><\/span>\n            <\/h2>    \n            \n            <div class=\"tx-hd-desc\"><p>Con\u00e7u pour permettre d\u2019identifier des soft skills tel que le leadership, la responsabilit\u00e9, la r\u00e9silience, la prise d\u2019initiative, le sang froid, l\u2019empathie, ou encore l\u2019esprit d\u2019\u00e9quipe, il peut accueillir des pools de candidats tr\u00e8s diversifi\u00e9s en \u00e2ge, genre, milieu social, nationalit\u00e9, niveau d\u2019\u00e9tude, ou encore handicap.<\/p><p><strong>L'atelier peut r\u00e9unir jusqu'\u00e0 130 candidats (20 minimum) le temps d'une demi-journ\u00e9e.<\/strong><\/p><\/div>\n\n\n                   \n        <\/div><!-- tx-hd-wrap -->\n\n\n\n\n\n\n\n\n\t\t\t\t<\/div>\n\t\t\t\t<\/div>\n\t\t\t\t<\/div>\n\t\t\t\t\t<\/div>\n\t\t\t\t<\/div>\n\t\t\t\t<\/div>\n\t\t","protected":false},"excerpt":{"rendered":"<p class=\"tx-excerpt\">Un format de recrutement innovant S-Team Experience pr\u00e9sente un jeu-\u00e9v\u00e8nement original et ludique qui peut \u00eatre mobilis\u00e9 dans les premi\u00e8res \u00e9tapes d&rsquo;un processus de recrutement. Cette formule vous permettra \u00e0 la fois de","protected":false},"author":1,"featured_media":67,"parent":176,"menu_order":0,"comment_status":"closed","ping_status":"closed","template":"","meta":{"footnotes":""},"class_list":["post-184","page","type-page","status-publish","has-post-thumbnail","hentry"],"_links":{"self":[{"href":"https:\/\/s-team-experience.com\/index.php\/wp-json\/wp\/v2\/pages\/184","targetHints":{"allow":["GET"]}}],"collection":[{"href":"https:\/\/s-team-experience.com\/index.php\/wp-json\/wp\/v2\/pages"}],"about":[{"href":"https:\/\/s-team-experience.com\/index.php\/wp-json\/wp\/v2\/types\/page"}],"author":[{"embeddable":true,"href":"https:\/\/s-team-experience.com\/index.php\/wp-json\/wp\/v2\/users\/1"}],"replies":[{"embeddable":true,"href":"https:\/\/s-team-experience.com\/index.php\/wp-json\/wp\/v2\/comments?post=184"}],"version-history":[{"count":46,"href":"https:\/\/s-team-experience.com\/index.php\/wp-json\/wp\/v2\/pages\/184\/revisions"}],"predecessor-version":[{"id":1514,"href":"https:\/\/s-team-experience.com\/index.php\/wp-json\/wp\/v2\/pages\/184\/revisions\/1514"}],"up":[{"embeddable":true,"href":"https:\/\/s-team-experience.com\/index.php\/wp-json\/wp\/v2\/pages\/176"}],"wp:featuredmedia":[{"embeddable":true,"href":"https:\/\/s-team-experience.com\/index.php\/wp-json\/wp\/v2\/media\/67"}],"wp:attachment":[{"href":"https:\/\/s-team-experience.com\/index.php\/wp-json\/wp\/v2\/media?parent=184"}],"curies":[{"name":"wp","href":"https:\/\/api.w.org\/{rel}","templated":true}]}}