{"id":2,"date":"2023-08-01T11:14:30","date_gmt":"2023-08-01T09:14:30","guid":{"rendered":"http:\/\/s-team-experience.com\/?page_id=2"},"modified":"2024-08-27T10:39:13","modified_gmt":"2024-08-27T08:39:13","slug":"a-propos","status":"publish","type":"page","link":"https:\/\/s-team-experience.com\/index.php\/a-propos\/","title":{"rendered":"\u00c0 propos"},"content":{"rendered":"\t\t<div data-elementor-type=\"wp-page\" data-elementor-id=\"2\" class=\"elementor elementor-2\">\n\t\t\t\t<div class=\"elementor-element elementor-element-9acd4a6 e-flex e-con-boxed e-con e-child\" data-id=\"9acd4a6\" data-element_type=\"container\" data-settings=\"{&quot;background_background&quot;:&quot;classic&quot;}\">\n\t\t\t\t\t<div class=\"e-con-inner\">\n\t\t<div class=\"elementor-element elementor-element-a8f263f e-con-full e-flex e-con e-child\" data-id=\"a8f263f\" data-element_type=\"container\">\n\t\t\t\t<div class=\"elementor-element elementor-element-132c264 elementor-absolute elementor-hidden-mobile elementor-invisible elementor-widget elementor-widget-image\" data-id=\"132c264\" data-element_type=\"widget\" data-settings=\"{&quot;_position&quot;:&quot;absolute&quot;,&quot;_animation&quot;:&quot;fadeIn&quot;}\" data-widget_type=\"image.default\">\n\t\t\t\t<div class=\"elementor-widget-container\">\n\t\t\t\t\t\t\t\t\t\t\t\t\t\t\t<img decoding=\"async\" width=\"150\" height=\"100\" src=\"https:\/\/s-team-experience.com\/wp-content\/uploads\/2024\/02\/4-Panier-150x100.png\" class=\"attachment-tx-pe-thumb size-tx-pe-thumb wp-image-1303\" alt=\"\" srcset=\"https:\/\/s-team-experience.com\/wp-content\/uploads\/2024\/02\/4-Panier-150x100.png 150w, https:\/\/s-team-experience.com\/wp-content\/uploads\/2024\/02\/4-Panier-900x600.png 900w\" sizes=\"(max-width: 150px) 100vw, 150px\" \/>\t\t\t\t\t\t\t\t\t\t\t\t\t\t\t<\/div>\n\t\t\t\t<\/div>\n\t\t\t\t<div class=\"elementor-element elementor-element-e3916ef tx-hd-align-left elementor-widget__width-initial elementor-invisible elementor-widget elementor-widget-avas-heading\" data-id=\"e3916ef\" data-element_type=\"widget\" data-settings=\"{&quot;_animation&quot;:&quot;fadeInLeft&quot;}\" data-widget_type=\"avas-heading.default\">\n\t\t\t\t<div class=\"elementor-widget-container\">\n\t\t\t\t\t        <div class=\"tx-hd-wrap\">\n\n            <div class=\"tx-hd-wm\"><\/div>\n\n            \n            <div class=\"tx-hd-sub\"><\/div>\n                        <h2 class=\"tx-hd-title\">\n                <span class=\"tx-hd-first-part\">Origines et<\/span>\n                <span class=\"tx-hd-last-part\">Vision<\/span>\n            <\/h2>    \n            \n            <div class=\"tx-hd-desc\"><h2>Le mot du fondateur<\/h2><p><em>Ancien basketteur professionnel pendant plus de 10 ans, Fabrice Periac est aujourd'hui enseignant-chercheur, titulaire d'une th\u00e8se en \u00e9conomie. Son parcours atypique l\u2019a conduit \u00e0 explorer les questions d\u2019inclusion et de diversit\u00e9 sous un angle original et \u00e0 cr\u00e9er l'entreprise S-Team Experience.<\/em><\/p><p><em>Il nous raconte son cheminement.<\/em><\/p><\/div>\n\n\n                   \n        <\/div><!-- tx-hd-wrap -->\n\n\n\n\n\n\n\n\n\t\t\t\t<\/div>\n\t\t\t\t<\/div>\n\t\t\t\t<\/div>\n\t\t<div class=\"elementor-element elementor-element-9f549b7 e-con-full e-flex e-con e-child\" data-id=\"9f549b7\" data-element_type=\"container\">\n\t\t\t\t<div class=\"elementor-element elementor-element-d63318f elementor-widget__width-inherit elementor-absolute elementor-invisible elementor-widget elementor-widget-image\" data-id=\"d63318f\" data-element_type=\"widget\" data-settings=\"{&quot;_position&quot;:&quot;absolute&quot;,&quot;_animation&quot;:&quot;fadeIn&quot;}\" data-widget_type=\"image.default\">\n\t\t\t\t<div class=\"elementor-widget-container\">\n\t\t\t\t\t\t\t\t\t\t\t\t\t\t\t<img fetchpriority=\"high\" decoding=\"async\" width=\"270\" height=\"188\" src=\"https:\/\/s-team-experience.com\/wp-content\/uploads\/2024\/02\/4-Etoile-270x188.png\" class=\"attachment-tx-r-thumb size-tx-r-thumb wp-image-1302\" alt=\"\" srcset=\"https:\/\/s-team-experience.com\/wp-content\/uploads\/2024\/02\/4-Etoile-270x188.png 270w, https:\/\/s-team-experience.com\/wp-content\/uploads\/2024\/02\/4-Etoile-616x430.png 616w\" sizes=\"(max-width: 270px) 100vw, 270px\" \/>\t\t\t\t\t\t\t\t\t\t\t\t\t\t\t<\/div>\n\t\t\t\t<\/div>\n\t\t\t\t<div class=\"elementor-element elementor-element-be95e83 elementor-invisible elementor-widget elementor-widget-image\" data-id=\"be95e83\" data-element_type=\"widget\" data-settings=\"{&quot;_animation&quot;:&quot;fadeInRight&quot;}\" data-widget_type=\"image.default\">\n\t\t\t\t<div class=\"elementor-widget-container\">\n\t\t\t\t\t\t\t\t\t\t\t\t\t\t\t<img decoding=\"async\" src=\"http:\/\/s-team-experience.com\/wp-content\/uploads\/2024\/08\/DSCF6092-1.jpg\" title=\"\" alt=\"\" loading=\"lazy\" \/>\t\t\t\t\t\t\t\t\t\t\t\t\t\t\t<\/div>\n\t\t\t\t<\/div>\n\t\t\t\t<\/div>\n\t\t\t\t\t<\/div>\n\t\t\t\t<\/div>\n\t\t<div class=\"elementor-element elementor-element-304b9e0 e-con-full e-flex e-con e-parent\" data-id=\"304b9e0\" data-element_type=\"container\">\n\t\t<div class=\"elementor-element elementor-element-525673c e-con-full e-flex e-con e-child\" data-id=\"525673c\" data-element_type=\"container\">\n\t\t\t\t<div class=\"elementor-element elementor-element-d62a654 elementor-widget__width-initial e-transform elementor-widget elementor-widget-image\" data-id=\"d62a654\" data-element_type=\"widget\" data-settings=\"{&quot;_transform_flipX_effect&quot;:&quot;transform&quot;}\" data-widget_type=\"image.default\">\n\t\t\t\t<div class=\"elementor-widget-container\">\n\t\t\t\t\t\t\t\t\t\t\t\t\t\t\t<img decoding=\"async\" src=\"http:\/\/s-team-experience.com\/wp-content\/uploads\/2024\/08\/STEAM-TEST-MEGARESCO_1-scaled.jpg\" title=\"\" alt=\"\" loading=\"lazy\" \/>\t\t\t\t\t\t\t\t\t\t\t\t\t\t\t<\/div>\n\t\t\t\t<\/div>\n\t\t\t\t<\/div>\n\t\t<div class=\"elementor-element elementor-element-22fc1dd e-con-full e-flex e-con e-child\" data-id=\"22fc1dd\" data-element_type=\"container\">\n\t\t\t\t<div class=\"elementor-element elementor-element-b974ac4 elementor-widget elementor-widget-text-editor\" data-id=\"b974ac4\" data-element_type=\"widget\" data-widget_type=\"text-editor.default\">\n\t\t\t\t<div class=\"elementor-widget-container\">\n\t\t\t\t\t\t\t\t\t<h2>Le point de d\u00e9part : une r\u00e9flexion sur la diversit\u00e9 et l\u2019inclusion<\/h2><p>Les questions de diversit\u00e9 et d&rsquo;inclusion ont toujours \u00e9t\u00e9 au c\u0153ur de ma vie. Apr\u00e8s y avoir \u00e9t\u00e9 confront\u00e9 personnellement dans les mondes sportif, associatif ou encore professionnel, j&rsquo;ai entrepris de r\u00e9aliser une th\u00e8se de doctorat sur ces sujets.<\/p><p>Ce travail de recherche m&rsquo;a fait comprendre que pour sensibiliser les entreprises, aborder ces sujets par le prisme du d\u00e9veloppement durable \u00e9tait une strat\u00e9gie pertinente, puisque cela permet de souligner l&rsquo;importance de la diversit\u00e9 et de l&rsquo;inclusion non seulement d\u2019un point de vue \u00e9thique, mais \u00e9galement en terme de performance \u00e0 long terme des entreprises et de l&rsquo;\u00e9conomie dans son ensemble.<\/p>\t\t\t\t\t\t\t\t<\/div>\n\t\t\t\t<\/div>\n\t\t\t\t<\/div>\n\t\t\t\t<\/div>\n\t\t<div class=\"elementor-element elementor-element-a046172 e-con-full e-flex e-con e-parent\" data-id=\"a046172\" data-element_type=\"container\">\n\t\t<div class=\"elementor-element elementor-element-06e1306 e-con-full e-flex e-con e-child\" data-id=\"06e1306\" data-element_type=\"container\">\n\t\t\t\t<div class=\"elementor-element elementor-element-2fe7193 elementor-widget elementor-widget-text-editor\" data-id=\"2fe7193\" data-element_type=\"widget\" data-widget_type=\"text-editor.default\">\n\t\t\t\t<div class=\"elementor-widget-container\">\n\t\t\t\t\t\t\t\t\t<h2>Diversit\u00e9 et innovation durable<\/h2><p>En effet, la performance \u00e0 long terme des entreprises et la prosp\u00e9rit\u00e9 de notre soci\u00e9t\u00e9 reposent sur notre capacit\u00e9 \u00e0\u00a0 innover et \u00e0 nous adapter aux changements constants. en particulier, la cr\u00e9ation<b> d&rsquo;innovations durables<\/b> est cruciale pour r\u00e9soudre les d\u00e9fis actuels. Or mes recherches ont montr\u00e9 que la diversit\u00e9 et l\u2019inclusion favorisent sp\u00e9cifiquement ce type d&rsquo;innovation.<\/p><p>Partant de l\u00e0, j&rsquo;ai compris que structurer les entreprises autour d&rsquo;objectifs de d\u00e9veloppement durable, plut\u00f4t que simplement d&rsquo;objectif financier, \u00e9tait non seulement important pour prot\u00e9ger l&rsquo;environnement, mais repr\u00e9sentait \u00e9galement une strat\u00e9gie efficace pour combattre les discriminations et les in\u00e9galit\u00e9s.<\/p>\t\t\t\t\t\t\t\t<\/div>\n\t\t\t\t<\/div>\n\t\t\t\t<\/div>\n\t\t\t\t<div class=\"elementor-element elementor-element-409a9fe elementor-widget__width-initial elementor-widget elementor-widget-spacer\" data-id=\"409a9fe\" data-element_type=\"widget\" data-widget_type=\"spacer.default\">\n\t\t\t\t<div class=\"elementor-widget-container\">\n\t\t\t\t\t\t\t<div class=\"elementor-spacer\">\n\t\t\t<div class=\"elementor-spacer-inner\"><\/div>\n\t\t<\/div>\n\t\t\t\t\t\t<\/div>\n\t\t\t\t<\/div>\n\t\t\t\t<div class=\"elementor-element elementor-element-2a9faf2 elementor-widget__width-initial elementor-widget elementor-widget-image\" data-id=\"2a9faf2\" data-element_type=\"widget\" data-widget_type=\"image.default\">\n\t\t\t\t<div class=\"elementor-widget-container\">\n\t\t\t\t\t\t\t\t\t\t\t\t\t\t\t<img decoding=\"async\" src=\"http:\/\/s-team-experience.com\/wp-content\/uploads\/2024\/08\/S-TEAM-MEGARESCO-PARIS_20-1-scaled.jpg\" title=\"\" alt=\"\" loading=\"lazy\" \/>\t\t\t\t\t\t\t\t\t\t\t\t\t\t\t<\/div>\n\t\t\t\t<\/div>\n\t\t<div class=\"elementor-element elementor-element-4645d10 e-con-full e-flex e-con e-child\" data-id=\"4645d10\" data-element_type=\"container\">\n\t\t\t\t<\/div>\n\t\t\t\t<\/div>\n\t\t<div class=\"elementor-element elementor-element-eb03309 e-flex e-con-boxed e-con e-parent\" data-id=\"eb03309\" data-element_type=\"container\">\n\t\t\t\t\t<div class=\"e-con-inner\">\n\t\t<div class=\"elementor-element elementor-element-52ff099 e-con-full e-flex e-con e-child\" data-id=\"52ff099\" data-element_type=\"container\">\n\t\t\t\t<div class=\"elementor-element elementor-element-e95824c elementor-widget elementor-widget-image\" data-id=\"e95824c\" data-element_type=\"widget\" data-widget_type=\"image.default\">\n\t\t\t\t<div class=\"elementor-widget-container\">\n\t\t\t\t\t\t\t\t\t\t\t\t\t\t\t<img decoding=\"async\" width=\"1024\" height=\"732\" src=\"https:\/\/s-team-experience.com\/wp-content\/uploads\/2024\/08\/MEGARESCO-NANTERRE_9-scaled.jpg\" class=\"attachment-large size-large wp-image-1684\" alt=\"\" srcset=\"https:\/\/s-team-experience.com\/wp-content\/uploads\/2024\/08\/MEGARESCO-NANTERRE_9-scaled.jpg 2560w, https:\/\/s-team-experience.com\/wp-content\/uploads\/2024\/08\/MEGARESCO-NANTERRE_9-300x214.jpg 300w\" sizes=\"(max-width: 1024px) 100vw, 1024px\" \/>\t\t\t\t\t\t\t\t\t\t\t\t\t\t\t<\/div>\n\t\t\t\t<\/div>\n\t\t\t\t<\/div>\n\t\t<div class=\"elementor-element elementor-element-fa79999 e-con-full e-flex e-con e-child\" data-id=\"fa79999\" data-element_type=\"container\">\n\t\t\t\t<\/div>\n\t\t<div class=\"elementor-element elementor-element-e9e934b e-con-full e-flex e-con e-child\" data-id=\"e9e934b\" data-element_type=\"container\">\n\t\t\t\t<div class=\"elementor-element elementor-element-fa02576 elementor-widget elementor-widget-text-editor\" data-id=\"fa02576\" data-element_type=\"widget\" data-widget_type=\"text-editor.default\">\n\t\t\t\t<div class=\"elementor-widget-container\">\n\t\t\t\t\t\t\t\t\t<h2>La p\u00e9dagogie par le jeu<\/h2><p>Pour diffuser cette philosophie et inciter \u00e0 la cr\u00e9ation d&rsquo;entreprises structurellement engag\u00e9es dans le d\u00e9veloppement durable, ou plus simplement des<b> entreprises responsables<\/b>, j&rsquo;ai choisi de le faire par le biais du jeu, un moyen p\u00e9dagogique puissant et une passion personnelle.<\/p><p>Plus pr\u00e9cis\u00e9ment, mes recherches m\u2019ont amen\u00e9 \u00e0 cr\u00e9er une nouvelle cat\u00e9gorie de jeux: <b>les Sustain Games<\/b>, qui visent \u00e0 d\u00e9velopper chez les participants des comp\u00e9tences en gestion durable des entreprises et des questions de soci\u00e9t\u00e9.<\/p>\t\t\t\t\t\t\t\t<\/div>\n\t\t\t\t<\/div>\n\t\t\t\t<\/div>\n\t\t\t\t\t<\/div>\n\t\t\t\t<\/div>\n\t\t<div class=\"elementor-element elementor-element-0e14e7e e-flex e-con-boxed e-con e-parent\" data-id=\"0e14e7e\" data-element_type=\"container\">\n\t\t\t\t\t<div class=\"e-con-inner\">\n\t\t<div class=\"elementor-element elementor-element-83cb41f e-con-full e-flex e-con e-child\" data-id=\"83cb41f\" data-element_type=\"container\">\n\t\t\t\t<div class=\"elementor-element elementor-element-ea9dfc0 elementor-widget elementor-widget-text-editor\" data-id=\"ea9dfc0\" data-element_type=\"widget\" data-widget_type=\"text-editor.default\">\n\t\t\t\t<div class=\"elementor-widget-container\">\n\t\t\t\t\t\t\t\t\t<h2>La cr\u00e9ation d\u2019S-Team experience et du MEGARESCO<\/h2><p>C\u2019est avec l\u2019ambition de d\u00e9velopper et de diffuser massivement les sustain games que j\u2019ai cr\u00e9\u00e9 l\u2019entreprise S-Team Experience.<\/p><p>Notre premier sustain game, le MEGARESCO, est bas\u00e9 sur un m\u00e9lange de mini-d\u00e9fis sportifs accessibles \u00e0 tous, de quizz, d&rsquo;\u00e9nigme, de coop\u00e9ration, et de prise de d\u00e9cision en situation de comp\u00e9tition. Il s&rsquo;adresse principalement aux entreprises, aux \u00e9coles sup\u00e9rieures et aux organismes de formation. Il peut accueillir entre 30 et 300 participants et peut \u00eatre mobilis\u00e9 pour une vari\u00e9t\u00e9 d\u2019\u00e9v\u00e9nements d\u2019entreprise tels que journ\u00e9es d\u2019int\u00e9gration, \u00e9v\u00e9nements de sensibilisation, \u00e9v\u00e9nements caritatifs, modules de formation ou encore recrutement innovant.<\/p>\t\t\t\t\t\t\t\t<\/div>\n\t\t\t\t<\/div>\n\t\t\t\t<\/div>\n\t\t<div class=\"elementor-element elementor-element-ac87019 e-con-full e-flex e-con e-child\" data-id=\"ac87019\" data-element_type=\"container\">\n\t\t\t\t<div class=\"elementor-element elementor-element-70d081b e-transform elementor-widget elementor-widget-image\" data-id=\"70d081b\" data-element_type=\"widget\" data-settings=\"{&quot;_transform_flipX_effect&quot;:&quot;transform&quot;}\" data-widget_type=\"image.default\">\n\t\t\t\t<div class=\"elementor-widget-container\">\n\t\t\t\t\t\t\t\t\t\t\t\t\t\t\t<img loading=\"lazy\" decoding=\"async\" width=\"1024\" height=\"768\" src=\"https:\/\/s-team-experience.com\/wp-content\/uploads\/2024\/08\/WhatsApp-Image-2024-06-18-at-17.03.17-1024x768.jpeg\" class=\"attachment-large size-large wp-image-1683\" alt=\"\" srcset=\"https:\/\/s-team-experience.com\/wp-content\/uploads\/2024\/08\/WhatsApp-Image-2024-06-18-at-17.03.17-1024x768.jpeg 1024w, https:\/\/s-team-experience.com\/wp-content\/uploads\/2024\/08\/WhatsApp-Image-2024-06-18-at-17.03.17-300x225.jpeg 300w, https:\/\/s-team-experience.com\/wp-content\/uploads\/2024\/08\/WhatsApp-Image-2024-06-18-at-17.03.17-768x576.jpeg 768w, https:\/\/s-team-experience.com\/wp-content\/uploads\/2024\/08\/WhatsApp-Image-2024-06-18-at-17.03.17-1536x1152.jpeg 1536w, https:\/\/s-team-experience.com\/wp-content\/uploads\/2024\/08\/WhatsApp-Image-2024-06-18-at-17.03.17-100x75.jpeg 100w, https:\/\/s-team-experience.com\/wp-content\/uploads\/2024\/08\/WhatsApp-Image-2024-06-18-at-17.03.17-80x60.jpeg 80w, https:\/\/s-team-experience.com\/wp-content\/uploads\/2024\/08\/WhatsApp-Image-2024-06-18-at-17.03.17-360x270.jpeg 360w, https:\/\/s-team-experience.com\/wp-content\/uploads\/2024\/08\/WhatsApp-Image-2024-06-18-at-17.03.17-373x280.jpeg 373w, https:\/\/s-team-experience.com\/wp-content\/uploads\/2024\/08\/WhatsApp-Image-2024-06-18-at-17.03.17-620x465.jpeg 620w, https:\/\/s-team-experience.com\/wp-content\/uploads\/2024\/08\/WhatsApp-Image-2024-06-18-at-17.03.17-460x345.jpeg 460w, https:\/\/s-team-experience.com\/wp-content\/uploads\/2024\/08\/WhatsApp-Image-2024-06-18-at-17.03.17-365x274.jpeg 365w, https:\/\/s-team-experience.com\/wp-content\/uploads\/2024\/08\/WhatsApp-Image-2024-06-18-at-17.03.17-600x450.jpeg 600w, https:\/\/s-team-experience.com\/wp-content\/uploads\/2024\/08\/WhatsApp-Image-2024-06-18-at-17.03.17.jpeg 1600w\" sizes=\"(max-width: 1024px) 100vw, 1024px\" \/>\t\t\t\t\t\t\t\t\t\t\t\t\t\t\t<\/div>\n\t\t\t\t<\/div>\n\t\t\t\t<\/div>\n\t\t\t\t\t<\/div>\n\t\t\t\t<\/div>\n\t\t<div class=\"elementor-element elementor-element-6e39a70 e-flex e-con-boxed e-con e-parent\" data-id=\"6e39a70\" data-element_type=\"container\">\n\t\t\t\t\t<div class=\"e-con-inner\">\n\t\t\t\t<div class=\"elementor-element elementor-element-8d56b79 elementor-widget elementor-widget-text-editor\" data-id=\"8d56b79\" data-element_type=\"widget\" data-widget_type=\"text-editor.default\">\n\t\t\t\t<div class=\"elementor-widget-container\">\n\t\t\t\t\t\t\t\t\t<h2>Une entreprise sociale et solidaire<\/h2><p>Logiquement, l\u2019entreprise <strong>S-Team Experience<\/strong> aspire \u00e0 \u00eatre elle-m\u00eame un exemple de ce qu\u2019elle pr\u00f4ne, \u00e0 savoir une entreprise structurellement engag\u00e9e dans le d\u00e9veloppement durable. Elle est donc en cours d\u2019obtention des statuts d\u2019entreprise de l\u2019\u00e9conomie sociale et solidaire (ESS), et d&rsquo;entreprise \u00e0 mission, ainsi que de l&rsquo;agr\u00e9ment ESUS (Entreprise Solidaire d&rsquo;Utilit\u00e9 Sociale). Concr\u00e8tement, \u00e7a se traduit par des statuts qui garantissent une gestion d\u00e9mocratique et redistribution \u00e9quitable de la valeur cr\u00e9\u00e9e, le recours majoritaire \u00e0 des \u00e9quipements \u00e9co-con\u00e7us ou recycl\u00e9s, des partenariats avec des associations \u00e0 but non-lucratifs qui sont structurellement int\u00e9gr\u00e9s \u00e0 notre mod\u00e8le \u00e9conomique, etc.<\/p><p>Ces engagements correspondent non seulement aux valeurs que l&rsquo;on porte et qui nous animent, mais ils sont aussi \u00e0 notre sens, un gage de r\u00e9ussite \u00e9conomique \u00e0 long terme et d&rsquo;impact soci\u00e9tal positif. <strong>C&rsquo;est pourquoi nous aspirons \u00e0 vivre dans une soci\u00e9t\u00e9, o\u00f9 les entreprises responsables seront devenues la norme plut\u00f4t que l\u2019exception.<\/strong><\/p>\t\t\t\t\t\t\t\t<\/div>\n\t\t\t\t<\/div>\n\t\t\t\t\t<\/div>\n\t\t\t\t<\/div>\n\t\t\t\t<\/div>\n\t\t","protected":false},"excerpt":{"rendered":"<p class=\"tx-excerpt\">Origines et Vision Le mot du fondateur Ancien basketteur professionnel pendant plus de 10 ans, Fabrice Periac est aujourd&rsquo;hui enseignant-chercheur, titulaire d&rsquo;une th\u00e8se en \u00e9conomie. Son parcours atypique l\u2019a conduit \u00e0 explorer les","protected":false},"author":1,"featured_media":335,"parent":0,"menu_order":0,"comment_status":"closed","ping_status":"closed","template":"","meta":{"footnotes":""},"class_list":["post-2","page","type-page","status-publish","has-post-thumbnail","hentry"],"_links":{"self":[{"href":"https:\/\/s-team-experience.com\/index.php\/wp-json\/wp\/v2\/pages\/2","targetHints":{"allow":["GET"]}}],"collection":[{"href":"https:\/\/s-team-experience.com\/index.php\/wp-json\/wp\/v2\/pages"}],"about":[{"href":"https:\/\/s-team-experience.com\/index.php\/wp-json\/wp\/v2\/types\/page"}],"author":[{"embeddable":true,"href":"https:\/\/s-team-experience.com\/index.php\/wp-json\/wp\/v2\/users\/1"}],"replies":[{"embeddable":true,"href":"https:\/\/s-team-experience.com\/index.php\/wp-json\/wp\/v2\/comments?post=2"}],"version-history":[{"count":68,"href":"https:\/\/s-team-experience.com\/index.php\/wp-json\/wp\/v2\/pages\/2\/revisions"}],"predecessor-version":[{"id":1716,"href":"https:\/\/s-team-experience.com\/index.php\/wp-json\/wp\/v2\/pages\/2\/revisions\/1716"}],"wp:featuredmedia":[{"embeddable":true,"href":"https:\/\/s-team-experience.com\/index.php\/wp-json\/wp\/v2\/media\/335"}],"wp:attachment":[{"href":"https:\/\/s-team-experience.com\/index.php\/wp-json\/wp\/v2\/media?parent=2"}],"curies":[{"name":"wp","href":"https:\/\/api.w.org\/{rel}","templated":true}]}}